{"id":966,"date":"2020-10-09T19:58:24","date_gmt":"2020-10-09T22:58:24","guid":{"rendered":"https:\/\/profchizzolini-sgo.infd.edu.ar\/sitio\/?page_id=966"},"modified":"2026-03-20T21:03:48","modified_gmt":"2026-03-21T00:03:48","slug":"ingreso-2021-oferta-academica","status":"publish","type":"page","link":"https:\/\/profchizzolini-sgo.infd.edu.ar\/sitio\/ingreso-2021-oferta-academica\/","title":{"rendered":"INGRESO 2026 &#8211; OFERTA ACAD\u00c9MICA"},"content":{"rendered":"<h1><strong>Nuestra oferta educativa para el ingreso 2026 es:<\/strong><\/h1>\n<h3><strong>PROFESORADO DE EDUCACI\u00d3N SECUNDARIA EN MATEM\u00c1TICA<\/strong><\/h3>\n<h3><strong>PROFESORADO DE EDUCACI\u00d3N SECUNDARIA EN BIOLOG\u00cdA<\/strong><\/h3>\n<h3><strong>PROFESORADO DE EDUCACI\u00d3N PRIMARIA (2DO. A 4TO. A\u00d1O HASTA FINALIZAR COHORTE)<\/strong><\/h3>\n<p>(Duraci\u00f3n 4 a\u00f1os)<\/p>\n<p>La modalidad es presencial.<\/p>\n<p><img decoding=\"async\" loading=\"lazy\" class=\"alignnone size-medium wp-image-1084\" src=\"https:\/\/profchizzolini-sgo.infd.edu.ar\/sitio\/wp-content\/uploads\/2024\/02\/Poster-Chizzolini-707x1000.jpg\" alt=\"\" width=\"707\" height=\"1000\" srcset=\"https:\/\/profchizzolini-sgo.infd.edu.ar\/sitio\/wp-content\/uploads\/2024\/02\/Poster-Chizzolini-707x1000.jpg 707w, https:\/\/profchizzolini-sgo.infd.edu.ar\/sitio\/wp-content\/uploads\/2024\/02\/Poster-Chizzolini-1343x1900.jpg 1343w, https:\/\/profchizzolini-sgo.infd.edu.ar\/sitio\/wp-content\/uploads\/2024\/02\/Poster-Chizzolini-768x1086.jpg 768w, https:\/\/profchizzolini-sgo.infd.edu.ar\/sitio\/wp-content\/uploads\/2024\/02\/Poster-Chizzolini-1086x1536.jpg 1086w, https:\/\/profchizzolini-sgo.infd.edu.ar\/sitio\/wp-content\/uploads\/2024\/02\/Poster-Chizzolini-1448x2048.jpg 1448w, https:\/\/profchizzolini-sgo.infd.edu.ar\/sitio\/wp-content\/uploads\/2024\/02\/Poster-Chizzolini.jpg 1587w\" sizes=\"(max-width: 707px) 100vw, 707px\" \/><\/p>\n<p>Te invitamos a ver el siguiente video de difusi\u00f3n:<\/p>\n<p><a href=\"https:\/\/drive.google.com\/file\/d\/1f1GM3Ad8AR76PtDZADAh7HXOjAwqWCGm\/view?usp=sharing\">https:\/\/drive.google.com\/file\/d\/1f1GM3Ad8AR76PtDZADAh7HXOjAwqWCGm\/view?usp=sharing\u00a0<\/a><\/p>\n","protected":false},"excerpt":{"rendered":"<p>Nuestra oferta educativa para el ingreso 2026 es: PROFESORADO DE EDUCACI\u00d3N SECUNDARIA EN MATEM\u00c1TICA PROFESORADO DE EDUCACI\u00d3N SECUNDARIA EN BIOLOG\u00cdA PROFESORADO DE EDUCACI\u00d3N PRIMARIA (2DO. A 4TO. A\u00d1O HASTA FINALIZAR COHORTE) (Duraci\u00f3n 4 a\u00f1os) La modalidad es presencial. Te invitamos a ver el siguiente video de difusi\u00f3n: https:\/\/drive.google.com\/file\/d\/1f1GM3Ad8AR76PtDZADAh7HXOjAwqWCGm\/view?usp=sharing\u00a0<\/p>\n","protected":false},"author":625,"featured_media":0,"parent":0,"menu_order":0,"comment_status":"closed","ping_status":"closed","template":"","meta":[],"acf":[],"_links":{"self":[{"href":"https:\/\/profchizzolini-sgo.infd.edu.ar\/sitio\/wp-json\/wp\/v2\/pages\/966"}],"collection":[{"href":"https:\/\/profchizzolini-sgo.infd.edu.ar\/sitio\/wp-json\/wp\/v2\/pages"}],"about":[{"href":"https:\/\/profchizzolini-sgo.infd.edu.ar\/sitio\/wp-json\/wp\/v2\/types\/page"}],"author":[{"embeddable":true,"href":"https:\/\/profchizzolini-sgo.infd.edu.ar\/sitio\/wp-json\/wp\/v2\/users\/625"}],"replies":[{"embeddable":true,"href":"https:\/\/profchizzolini-sgo.infd.edu.ar\/sitio\/wp-json\/wp\/v2\/comments?post=966"}],"version-history":[{"count":6,"href":"https:\/\/profchizzolini-sgo.infd.edu.ar\/sitio\/wp-json\/wp\/v2\/pages\/966\/revisions"}],"predecessor-version":[{"id":1119,"href":"https:\/\/profchizzolini-sgo.infd.edu.ar\/sitio\/wp-json\/wp\/v2\/pages\/966\/revisions\/1119"}],"wp:attachment":[{"href":"https:\/\/profchizzolini-sgo.infd.edu.ar\/sitio\/wp-json\/wp\/v2\/media?parent=966"}],"curies":[{"name":"wp","href":"https:\/\/api.w.org\/{rel}","templated":true}]}}